 of 5176?
1
What is the units digit of 132955?
5
What is the thousands digit of 1556?
1
What is the units digit of 542?
2
What is the tens digit of 2246?
4
What is the ten thousands digit of 12983?
1
What is the tens digit of 192?
9
What is the thousands digit of 1112?
1
What is the thousands digit of 89244?
9
What is the hundreds digit of 28577?
5
What is the thousands digit of 34019?
4
What is the units digit of 21036?
6
What is the hundreds digit of 2139?
1
What is the hundreds digit of 23609?
6
What is the hundreds digit of 4190?
1
What is the tens digit of 33744?
4
What is the units digit of 7?
7
What is the thousands digit of 78081?
8
What is the hundreds digit of 66277?
2
What is the units digit of 369?
9
What is the hundreds digit of 663?
6
What is the ten thousands digit of 35584?
3
What is the hundreds digit of 4733?
7
What is the ten thousands digit of 11037?
1
What is the tens digit of 931?
3
What is the hundreds digit of 8661?
6
What is the hundreds digit of 1853?
8
What is the ten thousands digit of 17235?
1
What is the hundreds digit of 1301?
3
What is the thousands digit of 11485?
1
What is the hundreds digit of 1853?
8
What is the tens digit of 85?
8
What is the hundreds digit of 813?
8
What is the tens digit of 684?
8
What is the hundreds digit of 4171?
1
What is the ten thousands digit of 113660?
1
What is the thousands digit of 10823?
0
What is the units digit of 146038?
8
What is the units digit of 5213?
3
What is the tens digit of 11844?
4
What is the units digit of 3474?
4
What is the hundreds digit of 899?
8
What is the units digit of 2988?
8
What is the units digit of 2052?
2
What is the units digit of 12909?
9
What is the thousands digit of 1068?
1
What is the units digit of 912?
2
What is the units digit of 222?
2
What is the thousands digit of 6919?
6
What is the ten thousands digit of 11605?
1
What is the tens digit of 60532?
3
What is the tens digit of 72489?
8
What is the hundreds digit of 60842?
8
What is the hundreds digit of 2385?
3
What is the units digit of 9908?
8
What is the thousands digit of 26365?
6
What is the units digit of 137?
7
What is the units digit of 81329?
9
What is the units digit of 9878?
8
What is the tens digit of 5312?
1
What is the units digit of 15244?
4
What is the thousands digit of 46205?
6
What is the units digit of 4397?
7
What is the hundreds digit of 764?
7
What is the units digit of 14686?
6
What is the hundreds digit of 12072?
0
What is the units digit of 15208?
8
What is the tens digit of 3400?
0
What is the thousands digit of 8644?
8
What is the tens digit of 1953?
5
What is the tens digit of 2564?
6
What is the hundreds digit of 787?
7
What is the hundreds digit of 601?
6
What is the ten thousands digit of 12936?
1
What is the units digit of 90522?
2
What is the tens digit of 3055?
5
What is the units digit of 3861?
1
What is the units digit of 40007?
7
What is the ten thousands digit of 37865?
3
What is the thousands digit of 34869?
4
What is the hundreds digit of 36388?
3
What is the thousands digit of 84674?
4
What is the thousands digit of 9387?
9
What is the units digit of 20286?
6
What is the thousands digit of 4416?
4
What is the units digit of 825?
5
What is the ten thousands digit of 36227?
3
What is the units digit of 10844?
4
What is the ten thousands digit of 27018?
2
What is the units digit of 961?
1
What is the units digit of 3542?
2
What is the hundreds digit of 13958?
9
What is the hundreds digit of 35000?
0
What is the hundreds digit of 61422?
4
What is the tens digit of 4709?
0
What is the thousands digit of 1140?
1
What is the tens digit of 543?
4
What is the thousands digit of 10692?
0
What is the tens digit of 776?
7
What is the tens digit of 23?
2
What is the hundreds digit of 231?
2
What is the hundreds digit of 11308?
3
What is the units digit of 18616?
6
What is the units digit of 801?
1
What is the units digit of 56250?
0
What is the hundreds digit of 10715?
7
What is the ten thousands digit of 63974?
6
What is the tens digit of 872?
7
What is the units digit of 640?
0
What is the hundreds digit of 423?
4
What is the tens digit of 2317?
1
What is the tens digit of 1574?
7
What is the tens digit of 2910?
1
What is the tens digit of 112953?
5
What is the thousands digit of 4689?
4
What is the units digit of 4061?
1
What is the hundreds digit of 1452?
4
What is the thousands digit of 1159?
1
What is the tens digit of 2736?
3
What is the tens digit of 865?
6
What is the tens digit of 27698?
9
What is the units digit of 128098?
8
What is the units digit of 2742?
2
What is the thousands digit of 1356?
1
What is the thousands digit of 24072?
4
What is the thousands digit of 1710?
1
What is the hundreds digit of 5994?
9
What is the hundreds digit of 7670?
6
What is the thousands digit of 1361?
1
What is the units digit of 4138?
8
What is the hundreds digit of 2473?
4
What is the hundreds digit of 436?
4
What is the hundreds digit of 1648?
6
What is the hundreds digit of 32078?
0
What is the hundreds digit of 162944?
9
What is the tens digit of 437?
3
What is the hundreds digit of 1747?
7
What is the hundreds digit of 23386?
3
What is the hundreds digit of 20644?
6
What is the tens digit of 931?
3
What is the units digit of 7922?
2
What is the hundreds digit of 1163?
1
What is the thousands digit of 40056?
0
What is the tens digit of 62974?
7
What is the tens digit of 16081?
8
What is the hundreds digit of 29221?
2
What is the tens digit of 22155?
5
What is the tens digit of 7491?
9
What is the hundreds digit of 74807?
8
What is the units digit of 15744?
4
What is the tens digit of 21819?
1
What is the units digit of 17658?
8
What is the hundreds digit of 31786?
7
What is the hundreds digit of 1562?
5
What is the tens digit of 9292?
9
What is the thousands digit of 14766?
4
What is the tens digit of 11520?
2
What is the hundreds digit of 2655?
6
What is the ten thousands digit of 26508?
2
What is the tens digit of 5643?
4
What is the units digit of 1782?
2
What is the tens digit of 51650?
5
What is the thousands digit of 124744?
4
What is the ten thousands digit of 94700?
9
What is the units digit of 41209?
9
What is the thousands digit of 7126?
7
What is the hundreds digit of 322?
3
What is the tens digit of 856?
5
What is the hundreds digit of 2497?
4
What is the thousands digit of 67850?
7
What is the units digit of 4979?
9
What is the tens digit of 6927?
2
What is the ten thousands digit of 26193?
2
What is the units digit of 10700?
0
What is the units digit of 1111?
1
What is the hundreds digit of 10324?
3
What is the tens digit of 52731?
3
What is the thousands digit of 9184?
9
What is the hundreds digit of 1300?
3
What is the units digit of 133569?
9
What is the tens digit of 1070?
7
What is the units digit of 3793?
3
What is the thousands digit of 6785?
6
What is the hundreds digit of 5904?
9
What is the thousands digit of 1070?
1
What is the tens digit of 61855?
5
What is the units digit of 14603?
3
What is the hundreds digit of 1618?
6
What is the thousands digit of 43743?
3
What is the hundreds digit of 167?
1
What is the thousands digit of 45501?
5
What is the thousands digit of 20034?
0
What is the hundreds digit of 470?
4
What is the hundreds digit of 313?
3
What is the thousands digit of 62433?
2
What is the thousands digit of 101101?
1
What is the hundreds digit of 98642?
6
What is the tens digit of 5147?
4
What is the thousands digit of 82688?
2
What is the hundreds digit of 343?
3
What is the hundreds digit of 1305?
3
What is the tens digit of 3600?
0
What is the units digit of 14332?
2
What is the tens digit of 58?
5
What is the units digit of 312?
2
What is the ten thousands digit of 36049?
3
What is the tens digit of 4116?
1
What is the hundreds digit of 12511?
5
What is the units digit of 1700?
0
What is the units digit of 2869?
9
What is the hundreds digit of 5355?
3
What is the hundreds digit of 45145?
1
What is the units digit of 34799?
9
What is the tens digit of 83?
8
What is the units digit of 311?
1
What is the hundreds digit of 4446?
4
What is the units digit of 14167?
7
What is the hundreds digit of 111444?
4
What is the thousands digit of 1877?
1
What is the units digit of 62130?
0
What is the thousands digit of 1286?
1
W